s of 1323855?
3, 5, 13, 31, 73
List the prime factors of 273927.
3, 91309
List the prime factors of 16992.
2, 3, 59
List the prime factors of 2063333.
179, 11527
What are the prime factors of 275282?
2, 7, 53
List the prime factors of 8707777.
13, 23, 29123
What are the prime factors of 9266237?
9266237
What are the prime factors of 593278?
2, 7, 31, 1367
List the prime factors of 2421311.
2421311
What are the prime factors of 58219?
7, 8317
What are the prime factors of 155568?
2, 3, 7, 463
List the prime factors of 4878039.
3, 1626013
List the prime factors of 441662.
2, 13, 16987
What are the prime factors of 97972?
2, 7, 3499
List the prime factors of 2325085.
5, 7, 66431
What are the prime factors of 127210?
2, 5, 12721
What are the prime factors of 13336564?
2, 3334141
What are the prime factors of 306617?
29, 97, 109
List the prime factors of 115878.
2, 3, 7, 31, 89
List the prime factors of 4645935.
3, 5, 7, 43
List the prime factors of 17958796.
2, 31, 144829
List the prime factors of 1771833.
3, 7, 139, 607
What are the prime factors of 14810757?
3, 13, 17, 89, 251
What are the prime factors of 3052052?
2, 763013
List the prime factors of 20614802.
2, 13, 43, 18439
List the prime factors of 496318.
2, 19, 37, 353
List the prime factors of 236407.
236407
List the prime factors of 7238864.
2, 29, 15601
What are the prime factors of 5339?
19, 281
List the prime factors of 71227.
13, 5479
What are the prime factors of 7624968?
2, 3, 13, 24439
List the prime factors of 3637527.
3, 59, 20551
List the prime factors of 261877.
7, 11, 19, 179
What are the prime factors of 2887607?
2887607
What are the prime factors of 2926071?
3, 29, 37, 101
What are the prime factors of 24649589?
83, 296983
List the prime factors of 66356.
2, 53, 313
What are the prime factors of 384612?
2, 3, 32051
What are the prime factors of 312698?
2, 17, 541
What are the prime factors of 211860?
2, 3, 5, 11, 107
List the prime factors of 130785.
3, 5, 8719
List the prime factors of 24182619.
3, 17, 474169
List the prime factors of 1354059.
3, 7, 21493
What are the prime factors of 1220040?
2, 3, 5, 3389
List the prime factors of 21254726.
2, 17, 233, 2683
What are the prime factors of 6869930?
2, 5, 686993
What are the prime factors of 485358?
2, 3, 41, 1973
List the prime factors of 1209509.
7, 172787
List the prime factors of 969493.
7, 17, 8147
List the prime factors of 4360085.
5, 872017
What are the prime factors of 269540?
2, 5, 13477
List the prime factors of 560029.
560029
What are the prime factors of 7866903?
3, 11, 17, 37, 379
List the prime factors of 2645320.
2, 5, 41, 1613
List the prime factors of 555500.
2, 5, 11, 101
What are the prime factors of 9943399?
2239, 4441
What are the prime factors of 1074942?
2, 3, 11, 61, 89
List the prime factors of 315109.
315109
List the prime factors of 69992.
2, 13, 673
What are the prime factors of 177227?
31, 5717
List the prime factors of 4082.
2, 13, 157
List the prime factors of 6232584.
2, 3, 259691
What are the prime factors of 3381498?
2, 3, 187861
What are the prime factors of 3273600?
2, 3, 5, 11, 31
What are the prime factors of 8454178?
2, 4227089
List the prime factors of 175332.
2, 3, 19, 769
What are the prime factors of 2446?
2, 1223
What are the prime factors of 19694?
2, 43, 229
What are the prime factors of 3004325?
5, 17, 7069
List the prime factors of 4248032.
2, 132751
List the prime factors of 607670.
2, 5, 7, 8681
List the prime factors of 157819.
97, 1627
What are the prime factors of 17141?
61, 281
List the prime factors of 26668748.
2, 29, 229903
List the prime factors of 210126.
2, 3, 7, 5003
What are the prime factors of 141408?
2, 3, 491
List the prime factors of 86048.
2, 2689
List the prime factors of 1731494.
2, 865747
What are the prime factors of 210411?
3, 7793
List the prime factors of 14701776.
2, 3, 53, 5779
List the prime factors of 1115283.
3, 13, 28597
List the prime factors of 69334.
2, 34667
List the prime factors of 5132006.
2, 11, 479, 487
What are the prime factors of 570416?
2, 7, 11, 463
What are the prime factors of 788006?
2, 19, 89, 233
What are the prime factors of 2863479?
3, 971, 983
What are the prime factors of 10489299?
3, 3496433
What are the prime factors of 8377444?
2, 2094361
What are the prime factors of 8727268?
2, 11, 198347
List the prime factors of 671273.
43, 67, 233
What are the prime factors of 1047620?
2, 5, 7, 1069
What are the prime factors of 1184556?
2, 3, 98713
What are the prime factors of 10192280?
2, 5, 7, 89, 409
List the prime factors of 389431.
7, 55633
What are the prime factors of 707136?
2, 3, 29, 127
What are the prime factors of 1267768?
2, 37, 4283
What are the prime factors of 72733?
72733
What are the prime factors of 19062758?
2, 11, 13, 66653
List the prime factors of 1282310.
2, 5, 17, 19, 397
What are the prime factors of 12418552?
2, 19, 81701
List the prime factors of 495840.
2, 3, 5, 1033
What are the prime factors of 1122504?
2, 3, 46771
List the prime factors of 2998349.
23, 130363
What are the prime factors of 112783?
11, 10253
List the prime factors of 1688779.
223, 7573
List the prime factors of 3035629.
761, 3989
What are the prime factors of 13226342?
2, 379, 17449
What are the prime factors of 529782?
2, 3, 11, 23, 349
What are the prime factors of 4028550?
2, 3, 5, 107, 251
List the prime factors of 374277.
3, 124759
List the prime factors of 7589790.
2, 3, 5, 13, 499
List the prime factors of 129613.
11, 11783
What are the prime factors of 1156425?
3, 5, 17, 907
List the prime factors of 292229.
7, 109, 383
What are the prime factors of 25036467?
3, 8345489
What are the prime factors of 967283?
17, 3347
List the prime factors of 266748.
2, 3, 22229
What are the prime factors of 75457?
61, 1237
List the prime factors of 5349509.
11, 17, 28607
List the prime factors of 613955.
5, 17, 31, 233
List the prime factors of 4211706.
2, 3, 701951
What are the prime factors of 2164113?
3, 7, 34351
What are the prime factors of 4181930?
2, 5, 541, 773
List the prime factors of 129998.
2, 11, 19, 311
List the prime factors of 22320201.
3, 17, 437651
What are the prime factors of 4349897?
47, 92551
List the prime factors of 729001.
7, 13, 8011
List the prime factors of 75199.
139, 541
List the prime factors of 1109573.
17, 65269
What are the prime factors of 513667?
7, 11, 953
What are the prime factors of 172078?
2, 97, 887
What are the prime factors of 5041560?
2, 3, 5, 42013
What are the prime factors of 5827620?
2, 3, 5, 97127
List the prime factors of 1856936.
2, 232117
What are the prime factors of 168186?
2, 3, 28031
List the prime factors of 1068914.
2, 7, 11, 631
What are the prime factors of 4840090?
2, 5, 521, 929
List the prime factors of 3532512.
2, 3, 31, 1187
What are the prime factors of 6840028?
2, 13, 199, 661
List the prime factors of 2767281.
3, 11, 83857
What are the prime factors of 3241775?
5, 129671
List the prime factors of 362279.
61, 5939
What are the prime factors of 16219209?
3, 23, 37, 6353
What are the prime factors of 38266?
2, 19, 53
List the prime factors of 5326935.
3, 5, 19, 18691
What are the prime factors of 250195?
5, 11, 4549
What are the prime factors of 21825426?
2, 3, 7, 31, 16763
What are the prime factors of 77467?
13, 59, 101
List the prime factors of 42112039.
239, 176201
What are the prime factors of 232914?
2, 3, 11, 3529
What are the prime factors of 69608?
2, 7, 11, 113
What are the prime factors of 123800?
2, 5, 619
What are the prime factors of 1707248?
2, 106703
List the prime factors of 2086150.
2, 5, 11, 3793
List the prime factors of 39942.
2, 3, 7, 317
List the prime factors of 8731885.
5, 127, 13751
What are the prime factors of 653502?
2, 3, 108917
What are the prime factors of 100789?
13, 7753
List the prime factors of 16663.
19, 877
List the prime factors of 14851589.
14851589
List the prime factors of 563407.
13, 19, 2281
List the prime factors of 998015.
5, 199603
What are the prime factors of 278557?
278557
What are the prime factors of 427518?
2, 3, 7, 13, 29
What are the prime factors of 754820?
2, 5, 11, 47, 73
List the prime factors of 494102.
2, 7, 29, 1217
What are the prime factors of 36870013?
19, 109, 937
List the prime factors of 5977100.
2, 5, 597